 - 20. Suppose 2*i - 65 - 21 = o. What is the units digit of i?
3
Let i = 23 + -15. Suppose 123 = 2*t + 3*q, i*t - 4*q = 3*t + 319. What is the units digit of t?
3
Suppose 5 = -3*a - 13. What is the tens digit of (a - -7)/(3/237)?
7
Let z(y) = 25*y**2 - 10*y - 340. What is the tens digit of z(-14)?
0
Suppose -6*m + 85 + 17 = 0. Suppose 6*f - m*f = -2211. What is the hundreds digit of f?
2
Suppose -2*h + 1762 - 272 = 0. What is the tens digit of h?
4
Let d be (4/(-6))/(5/(-15)). Let w(z) be the first derivative of 2*z**3/3 + 28. What is the units digit of w(d)?
8
Let y = -1164 + 1887. What is the tens digit of y?
2
Let b(f) = f**2 + 7*f - 2. Let n be b(-8). Suppose -n*r = -31 - 5. What is the units digit of r?
6
Let l be (-9 + 3/3)/(-2). Suppose -9 = l*a + 7. What is the units digit of (5 + 1)/(a/(-6))?
9
Suppose 2*y = 4*b - 494, 3*b - 370 = -0*b + 2*y. What is the hundreds digit of b?
1
Suppose 8*m = 9*m - 5. Suppose -m*j - j + 324 = 0. What is the tens digit of j?
5
Let a = -121 - -124. Let b(j) = -j**3 - 4*j**2 - 2*j + 1. Let s be b(-4). Suppose 0 = -s*r + a*r + 210. What is the tens digit of r?
3
Suppose -2*v + 46 = 6. Let b be (-846)/(-10) - v/(-50). What is the units digit of 138/10 + (-68)/b?
3
Suppose -2*v - 4 = -24. Suppose 2*z = -0*z + v. Suppose -w - z*x + 103 = 2*w, -3*x = -6. What is the tens digit of w?
3
Let m(h) = -h**3 + 8*h**2 + 7. Let i be 82/10 - 9/45. Let j be m(i). Suppose -5*q - 40 = -j*q. What is the units digit of q?
0
Suppose -513 = 14*t - 19903. What is the hundreds digit of t?
3
Suppose 6*z - 2*z = 5*l + 951, -z - 4*l + 243 = 0. What is the tens digit of z?
3
Suppose -t + 881 = b + 3*b, 5*b - 3491 = -4*t. What is the tens digit of t?
6
Let z = 80 - 12. Let m be -82*(5 + (-27)/6). Let q = z + m. What is the tens digit of q?
2
Let v(r) = -r**3 + 6*r**2 + r - 28. Let x be v(5). Suppose 486 = x*c + 5*n, -5*c = -c + n - 936. What is the tens digit of c?
3
Let f(i) = -32*i + 47. Let q(l) = -31*l + 46. Let h(x) = -4*f(x) + 5*q(x). What is the units digit of h(-6)?
4
Let z(r) = r + 2. Let a(j) = 5*j + 7. Let q(s) = -a(s) + 4*z(s). Suppose -3*p - 3 - 30 = 0. What is the tens digit of q(p)?
1
Suppose -18*m = 4*m - 5720. What is the hundreds digit of m?
2
Suppose 0 = 3*m + 138 + 33. Let b = 130 + m. What is the units digit of b?
3
Suppose -236*z - 3270 = -241*z. What is the hundreds digit of z?
6
Let p(t) = t**3 + 8*t**2 + 11*t + 14. Let k be p(-7). Let n = -20 - k. What is the units digit of n*((-15)/9 + 1)?
4
What is the tens digit of 7 + 1016/(-24)*-3?
3
Let l(s) = -341*s - 120. What is the hundreds digit of l(-7)?
2
Suppose 2*h - 26 = -4*a - 92, 171 = -4*h + 5*a. Suppose -5*b - 11 - 74 = 0. Let o = b - h. What is the tens digit of o?
2
Let g(z) = -z**3 + 9*z**2 - 3*z + 13. Let x be g(4). Suppose -17*m = -14*m - x. What is the units digit of m?
7
What is the tens digit of (-5 - -7) + 2 + 380?
8
Let t = 113 - -25. Let u = t - 86. What is the tens digit of u?
5
Let d(m) = -6 + 0*m**2 + 11*m + 3*m**2 + 0 + m. What is the tens digit of d(-8)?
9
What is the tens digit of -9*2/(-4)*232/6?
7
Let f(x) = 4*x + 78. Let i be f(-15). Suppose -13*q + i*q - 180 = 0. What is the tens digit of q?
3
Let k = -49 + 28. Let c be (4/(8/(-58)))/(-1). Let r = c + k. What is the units digit of r?
8
Suppose -10*p = 1 + 9. What is the units digit of 2415/45*(p - -4)?
1
Suppose -52*t + 33793 = -70883. What is the units digit of t?
3
Let p(f) = -56*f**2 - 17*f - 2. Let t be p(4). What is the hundreds digit of (0 - (-2)/8) + t/(-8)?
1
Let v(g) = -3*g**3 + 9*g**2 + 18*g + 22. What is the units digit of v(-6)?
6
Suppose 3*v = n - 420, -5*n + 5*v + 2801 = 721. What is the tens digit of n?
1
Suppose -10*d + 14*d = 2*x + 9238, -3*d = -x - 6926. What is the tens digit of d?
0
Let n(c) = -c**3 - 36*c**2 - 28*c + 63. What is the hundreds digit of n(-36)?
0
Let l be 171/7 - 12/28. Suppose 3*s = l - 6. Suppose s*t - 315 = t. What is the tens digit of t?
6
Let d = 17 - 14. Suppose -d*r - 3 = -6*r. Let j = 9 + r. What is the tens digit of j?
1
Suppose 3*f - 74 = 79. Suppose f = -2*g - 21. Let u = -21 - g. What is the units digit of u?
5
Let f be (-5 + 2)*985/(-3). Let q be f*-2*(-18)/15. What is the tens digit of q/66 + (-4)/(-22)?
3
Let g(o) = -6*o**3 - 20*o**2 - 25*o + 20. What is the hundreds digit of g(-8)?
0
Let z = 97 - 96. What is the units digit of 149/(1 + z + -1 + 0)?
9
Let n be ((-110)/11)/(2/(-86)). Let x be n/90 + (-4)/(-18). Suppose 3*z - 114 = x*u, 2*z - 3*u - 75 = -0*u. What is the tens digit of z?
3
Let t = -14 - 1. Let c be ((-6)/(-5))/((-2)/t). Suppose 0 = -2*z + 51 - c. What is the tens digit of z?
2
Let m(y) = y**2 - 2*y - 5. Let i be m(-3). Let p(d) = 6*d + 14. What is the tens digit of p(i)?
7
What is the hundreds digit of 690/4*(-1 - 35/(-15))?
2
Let q(v) = 2*v**2 - 2*v + 9. Let r be q(-7). What is the tens digit of ((-2)/(-2) + 0)*r?
2
Let n(y) = 405 - 207 - 5*y**2 + 4*y**2 - 205 + 12*y. Let p be 3*1*20/6. What is the units digit of n(p)?
3
Let x = 1266 - 479. What is the hundreds digit of x?
7
Let p be (-13)/104 + (-33)/(-8). Suppose 3*a + 4*w + w = 61, -p*w + 56 = 3*a. What is the units digit of 8/a + (-232)/(-12)?
0
Suppose 0 = 246*q - 249*q + 2763. What is the hundreds digit of q?
9
Let l(k) = -k + 21. Let f be l(19). Suppose 5*a - 7 - 3 = 0. Suppose -i + a*h + 89 = f*i, h = -i + 23. What is the tens digit of i?
2
Let l = -13 - -9. Let g = l + 0. Let f = g - -34. What is the tens digit of f?
3
Let t = -1300 - -1850. What is the tens digit of t?
5
Suppose c = 5, -3*f - 22*c + 20*c + 2008 = 0. What is the tens digit of f?
6
Let k = 12 - 13. Let v be 1547/21 + k/(-3). Suppose -g = g - v. What is the tens digit of g?
3
Let f = 135 - 227. What is the hundreds digit of (f*3/(-6))/(1/5)?
2
Let j(k) = -10*k + 11 - 14*k - 3 - 2. What is the units digit of j(-5)?
6
Let s = -17 - -294. What is the units digit of s?
7
Let s(h) = h - 2. Let z be s(6). Let l(v) = -2*v**2 - 22*v + 10. Let k be l(-11). What is the units digit of 342/k + z/(-20)?
4
Let z(s) = -2*s + 3. Let r be z(0). Let v be (-15)/3 + r - -3. What is the units digit of (-1 - v)/((-5)/45)?
8
Let y(q) = q**3 + 16*q**2 + 30*q + 16. What is the units digit of y(-13)?
3
Suppose 5*u - 27*v = -24*v + 3635, -u = -3*v - 727. What is the tens digit of u?
2
Suppose -8 = -2*w - 24. Let z(p) = p**3 + 7*p**2 + 5*p + 2. Let a be z(w). What is the units digit of (1/3)/((-2)/a)?
7
Let w = -108 + 188. Let a = 13 - 11. Suppose 0 = 7*t - a*t - w. What is the units digit of t?
6
Suppose 4*l - 3 = a - 19, 4*a + 4*l = 4. Suppose 0 = -2*f + a*m + 18, f - 2*f = m - 3. Suppose -6 = -s - f*s. What is the units digit of s?
1
Suppose 202 = 6*q - 4*q + 2*z, -3*q + 3*z + 321 = 0. Suppose q = 2*o + 38. What is the tens digit of o?
3
Let w(h) = -3*h - 13. Let a be w(6). Let l = 63 - a. What is the units digit of l?
4
What is the units digit of -1 - (0 - 1149)/3?
2
What is the units digit of ((-76)/(-2))/((14/(-29))/(-7))?
1
Suppose -2*f = 1 + 1. Let u(t) = 388*t**3. Let s be u(f). What is the units digit of s/(-10) + 4/20?
9
Let b(q) = q**2 - 6*q + 3. Suppose y - 1 - 8 = 0. Let z be b(y). What is the tens digit of 384/z + (-4)/5?
1
Let p(h) be the second derivative of -h**4/12 + 23*h**3/6 + 13*h**2/2 - 17*h. What is the units digit of p(19)?
9
Let i(x) = -x**3 - 24*x**2 + 62*x + 224. What is the hundreds digit of i(-31)?
0
What is the hundreds digit of 11175/6 + -8*9/(-144)?
8
Let t = -3 + 5. Suppose -5*m - 20 = -t*y - 3*y, 0 = 2*m - 3*y + 11. What is the units digit of m/(-3)*(-504)/(-6)?
8
Suppose 5*n = 2*n + 3. Let b(f) = 61*f**3 - 2*f**2 + 7. Let k(z) = 30*z**3 - z**2 + 4. Let y(j) = 4*b(j) - 7*k(j). What is the tens digit of y(n)?
3
Let h(a) = -a**3 + a**2 - 3*a - 3. Suppose -8*c + 15 = -3*c. Let d be h(c). Let f = 73 + d. What is the units digit of f?
3
Suppose -5*q + 1858 = -x, -q - 6*x = -2*x - 359. What is the tens digit of q?
7
Let g be 6 - (0 - (-6)/(-3)). Suppose g*n = 5*n + 345. What is the units digit of n?
5
Suppose 4*o + 22 = -134. Let j = -31 - o. Suppose j*c - 7*c = 28. What is the tens digit of c?
2
Let g be -2 - -1 - (-1 - 198) - -3. Suppose -10*m + g = -139. What is the units digit of m?
4
Suppose 17*s - 11451 = -16*s. What is the units digit of s?
7
Let w(z) = 2*z**2 + 12*z - 6. Let m(p) = 5